z and y?
2
Let p = -28 - -45. Suppose -12*j - 165 = -p*j. Let n = 1035 + -1013. Calculate the greatest common divisor of j and n.
11
Suppose -432 = 82*t - 85*t. Suppose 101 = 3*o - 4*d, -3*o = 3*d - 4*d - 104. Let i = o - 19. Calculate the greatest common divisor of t and i.
16
Let s(g) = g - 4*g**2 + 7 + 2*g**2 - 111*g**3 - 5 + 6*g**3. Let t be s(-1). What is the greatest common divisor of 52 and t?
52
Let t = -125 + 146. Suppose 6*s = -t*s + 9504. Calculate the highest common factor of 22 and s.
22
Let c(m) = 28*m + 4661. Let p be c(-53). What is the greatest common factor of 12 and p?
3
Let i = 18072 + -16710. What is the greatest common factor of 42 and i?
6
Let n(s) = -3*s**3 + 74*s**2 - 51*s + 91. Let c be n(24). Calculate the highest common divisor of c and 2603.
19
Let a be 24 - (0 - (-4 + 2)). Let g(b) = 106*b - 1380. Let l be g(13). Let w = a - l. Calculate the highest common factor of w and 48.
24
Let y(v) = 2*v**2 - 39*v - 891. Let l be y(-21). Calculate the highest common divisor of l and 120.
30
Suppose -4*k + 48 = 3*g, g + 4*g - 54 = 2*k. Suppose 3*j + 305 = 3*s - 76, 4*j = g. Let p = -1294 + 1304. Calculate the highest common factor of p and s.
10
Let h = -4533 + 10320. Calculate the highest common factor of 9 and h.
9
Suppose -11*d + 271 = -565. Calculate the greatest common factor of d and 4.
4
Let b(n) = n**2 - 4*n + 7. Let m be b(2). Suppose -v = h - 3*h + 9, 15 = -m*v. Let k = 5 + 9. Calculate the highest common divisor of h and k.
2
Let d be (-1)/(6/(-284))*21/(-7). Let p = 42 - d. Suppose -4*h + 115 = h. Calculate the greatest common factor of p and h.
23
Let n(z) = 39*z - 1197. Let x be n(77). Calculate the highest common factor of 42 and x.
42
Suppose -4*p = 5*d - 122, 8*p - 3*p + 5*d - 150 = 0. Suppose 14*a + 505 + 69 = 0. Let w = a + 83. Calculate the greatest common factor of p and w.
14
Let v(z) = -z**2 + 18*z - 24. Let h be v(12). Suppose -34*u = -h*u + 2646. Calculate the highest common factor of 7 and u.
7
Let s be (3 - (-6)/1) + -4. Suppose s*z - 5*u - 40 = 0, 0 = -2*z - u + 2 + 23. Calculate the highest common divisor of 352 and z.
11
Let a(u) = 1283*u**3 + 2*u**2 + 9*u - 24. Let m be a(2). What is the highest common factor of 174 and m?
174
Let s(r) = -3*r - 3. Let d be s(-2). Suppose -d*v - 2 = -179. Suppose -2*w + v = 5*o, -o = w + 3*o - 25. Calculate the greatest common factor of w and 148.
37
Let j be (310/(-16))/(100/(-1600)). Calculate the greatest common factor of j and 16616.
62
Let b(p) = p**2 + 12*p + 46. Let s = -215 + 210. Let g be b(s). Calculate the highest common factor of 22 and g.
11
Let t = -863 + 876. Let z(s) = -9*s + 173. Let p be z(t). What is the highest common divisor of p and 392?
56
Let w = 23 - 21. Suppose w*l - 431 = 397. Let u be 1 + l/4 + (-3)/(-6). What is the highest common factor of 70 and u?
35
Suppose 2*t = x + 7*t + 3, -3*x - 4*t = -2. Suppose x*v = -3*v + 1710. What is the highest common divisor of 18 and v?
18
Suppose -3*p - 7*p = -1000. What is the highest common factor of 380 and p?
20
Let r(s) be the second derivative of -s**3/3 + 171*s**2/2 - 63*s. Let b be r(-2). Suppose 35 = 4*v - 3*v. Calculate the greatest common divisor of v and b.
35
Let p = 1908 - 401. Calculate the highest common factor of 22 and p.
11
Let t be -5 + (4 - -2) - -5. Let r = t + 21. Calculate the greatest common factor of 12 and r.
3
Let m be 1/7 - (-7349)/7. Let f be m/45 - 4/12. What is the highest common divisor of f and 23?
23
Suppose -12*t - 2066 = -7*i - 11*t, -589 = -2*i - t. Calculate the greatest common divisor of 1121 and i.
59
Suppose -5*i - 20*d + 229 = -23*d, -i = 4*d - 55. Let u = i - -162. What is the greatest common factor of 11 and u?
11
Let r(a) = -a**3 + 15*a**2 - 14*a + 17. Let p = 236 - 222. Let q be r(p). Let g be (-172)/(1 - 3) - 1. What is the highest common divisor of q and g?
17
Suppose 46 = 6*a + 16. Suppose -2*i = z - 113, -z + 82 = a*i - 22. What is the greatest common divisor of 68 and z?
17
Let n = 590 - 597. Let m be 198/4 - (-39)/182*n. What is the highest common factor of 42 and m?
6
Let o = -115 - -291. Suppose -170*r - 1482 = -o*r. Calculate the highest common factor of 19 and r.
19
Let w(t) = 11*t + 4. Let k be w(0). Suppose -4*u = k*y - 100 + 24, -y - 2*u = -20. What is the highest common divisor of 126 and y?
18
Let r be (-3)/(-15) + 82/(-10). Let h be (-516)/r*(-7)/((-63)/60). What is the highest common factor of 10 and h?
10
Let h be (1062/(-15))/(3/135). Suppose 3*z - 29 + 23 = 0. Let s be h/(-22) + (z - (-60)/(-33)). What is the highest common divisor of s and 29?
29
Suppose 105*g - 1733 + 368 = 0. Calculate the highest common divisor of g and 416.
13
Suppose -59*d + 36423 + 51546 = 0. What is the highest common divisor of d and 1704?
213
Suppose -5*j + 138 = -4*l, -2*j + 4*j - 58 = 3*l. Suppose 3*n = 2044 + 320. Suppose -n*r = -792*r + 832. Calculate the highest common factor of r and j.
26
Let w = 85 - 48. Suppose -42*f + w*f = -30. Let t be (45/f)/(5/10). What is the greatest common factor of t and 10?
5
Let p(d) = -124*d - 25. Let j be p(-5). What is the greatest common divisor of 35 and j?
35
Let x be -1 + -2 + (179 + -3 - 0). Let t = 209 - x. Calculate the highest common divisor of 18 and t.
18
Suppose -375*g = -380*g + 14265. Calculate the highest common divisor of 18 and g.
9
Let s(f) = -11*f - 10. Let b be s(-5). Let x be (b/30)/(1/6). Let i be (-2 + x)*((-9)/3 + 8). Calculate the highest common factor of i and 7.
7
Let c = 55 + -47. Suppose -43*h + 45*h = c. Let q = h + 96. What is the highest common divisor of q and 20?
20
Suppose -3*c = 4*y - 1959, -5*c + 1969 = 3*y + y. Suppose 3*a - 4*p - 186 = 0, 501*p = 4*a + 504*p - 198. Calculate the highest common divisor of y and a.
54
Let x be 1/((-2)/(-180)) - -2. Suppose -37*u + 42*u + 3*y - 97 = 0, -3*y = 2*u - 28. What is the greatest common divisor of u and x?
23
Suppose 63*h = -134*h + 83725. What is the greatest common factor of h and 5015?
85
Let d be 55*804/240*8. What is the greatest common factor of 110 and d?
22
Let w be ((-57)/190)/((-6)/(-10))*(-1070 + 0). Calculate the greatest common divisor of 428 and w.
107
Let o(r) = r**2 + 71*r + 977. Let i be o(-16). What is the greatest common factor of 2231 and i?
97
Let v(n) = n**3 + 9*n**2 + 16*n + 109. Let b be v(-8). What is the greatest common factor of b and 4800?
15
Let t(n) = 3*n - 18. Let h be t(6). Suppose -51*b + 53*b = h. Let a be 8 + 2/(b + 2). Calculate the highest common factor of 18 and a.
9
Let j be (-4 + 12/(-210)*-65)/(1/(-371)). What is the highest common divisor of j and 1802?
106
Let d = 53 + -52. Let g be 2*d - 3/(21/(-1687)). Calculate the highest common divisor of g and 54.
27
Let n be (-1 - 262/12)/((-1)/6). Let i = 155 - n. Calculate the greatest common divisor of 2 and i.
2
Let f(s) = s**3 - 9*s**2 - 14*s + 18. Let g be f(12). Let d = g + -266. Calculate the greatest common divisor of d and 80.
16
Let k be (5 - 6)*1*(0 - 157). Let y = -147 + k. What is the highest common divisor of 8 and y?
2
Suppose 6*n - 704 = 17*n. Let c = 96 + n. Calculate the highest common divisor of c and 160.
32
Let y be (-2824)/(-72) - 2/9. Suppose 142*j = -3235 + 19849. Calculate the highest common divisor of j and y.
39
Let m(d) = -d**2 - 15*d - 14. Let z(c) = -c**2 - 19*c + 17. Let b be z(-22). Let r = -60 - b. Let a be m(r). What is the greatest common factor of a and 75?
15
Let r = 10363 - 10327. Calculate the greatest common factor of 7722 and r.
18
Suppose 4057 + 3233 = 5*f - 5*y, -f = y - 1458. What is the highest common divisor of 90 and f?
18
Let q(h) = -37*h**3 - 26*h**2 - 12*h - 6. Let l be q(-2). Suppose 0 = 5*y + y - 180. Calculate the greatest common factor of l and y.
30
Suppose -4*h - h = 35. Let o be (-21)/7 - (-4 + h). Calculate the highest common factor of 7 and o.
1
Suppose -4*r = 5*i - 471, -225 = -3*i + 3*r + 90. What is the greatest common factor of i and 153?
9
Let d(k) = -13*k + 1054. Let z be d(6). What is the highest common divisor of 32 and z?
16
Suppose -4 = -4*k + 16, 5*k - 575 = -2*v. Suppose 7*h = -0*h - 168. Let u = h + 49. What is the greatest common divisor of v and u?
25
Let f be (-1)/(2/22 + (-2976)/21120). Suppose 0 = -0*l + 2*l + 18. Let u = l - -24. Calculate the highest common factor of f and u.